{"id":4275,"date":"2020-07-27T09:31:56","date_gmt":"2020-07-27T12:31:56","guid":{"rendered":"http:\/\/www.arquimedes.com.br\/novosite\/?page_id=4275"},"modified":"2026-03-01T14:09:56","modified_gmt":"2026-03-01T17:09:56","slug":"contatos","status":"publish","type":"page","link":"http:\/\/www.arquimedes.com.br\/novosite\/contatos\/","title":{"rendered":"Contatos"},"content":{"rendered":"\n<style type=\"text\/css\" data-created_by=\"avia_inline_auto\" id=\"style-css-av-4r7wkm-14aab86aa2284559489763323485b121\">\n.avia-section.av-4r7wkm-14aab86aa2284559489763323485b121 .av-parallax .av-parallax-inner{\nbackground-repeat:no-repeat;\nbackground-image:url(http:\/\/www.arquimedes.com.br\/novosite\/wp-content\/uploads\/2020\/07\/contato-300x130.jpg);\nbackground-position:0% 0%;\nbackground-attachment:scroll;\n}\n.avia-section.av-4r7wkm-14aab86aa2284559489763323485b121 .av-section-color-overlay{\nopacity:0.7;\nbackground-color:#000000;\n}\n<\/style>\n<div id='av_section_1'  class='avia-section av-4r7wkm-14aab86aa2284559489763323485b121 main_color avia-section-huge avia-no-border-styling  avia-builder-el-0  el_before_av_layout_row  avia-builder-el-first  avia-full-stretch av-parallax-section avia-bg-style-parallax av-section-color-overlay-active av-minimum-height av-minimum-height-25 av-height-25  container_wrap sidebar_right'  data-section-bg-repeat='stretch' data-av_minimum_height_pc='25' data-av_min_height_opt='25'><div class='av-parallax' data-avia-parallax-ratio='0.3' ><div class='av-parallax-inner main_color avia-full-stretch'><\/div><\/div><div class=\"av-section-color-overlay-wrap\"><div class=\"av-section-color-overlay\"><\/div><div class='container av-section-cont-open' ><main  role=\"main\" itemprop=\"mainContentOfPage\"  class='template-page content  av-content-small alpha units'><div class='post-entry post-entry-type-page post-entry-4275'><div class='entry-content-wrapper clearfix'>\n\n<style type=\"text\/css\" data-created_by=\"avia_inline_auto\" id=\"style-css-av-kd4hh7fb-5eda74e0968a0799bdeda7e01c733d80\">\n#top .av-special-heading.av-kd4hh7fb-5eda74e0968a0799bdeda7e01c733d80{\npadding-bottom:10px;\ncolor:#ffffff;\nfont-size:40px;\n}\nbody .av-special-heading.av-kd4hh7fb-5eda74e0968a0799bdeda7e01c733d80 .av-special-heading-tag .heading-char{\nfont-size:25px;\n}\n#top #wrap_all .av-special-heading.av-kd4hh7fb-5eda74e0968a0799bdeda7e01c733d80 .av-special-heading-tag{\nfont-size:40px;\n}\n.av-special-heading.av-kd4hh7fb-5eda74e0968a0799bdeda7e01c733d80 .special-heading-inner-border{\nborder-color:#ffffff;\n}\n.av-special-heading.av-kd4hh7fb-5eda74e0968a0799bdeda7e01c733d80 .av-subheading{\nfont-size:12px;\n}\n\n@media only screen and (min-width: 480px) and (max-width: 767px){ \n#top #wrap_all .av-special-heading.av-kd4hh7fb-5eda74e0968a0799bdeda7e01c733d80 .av-special-heading-tag{\nfont-size:0.8em;\n}\n}\n\n@media only screen and (max-width: 479px){ \n#top #wrap_all .av-special-heading.av-kd4hh7fb-5eda74e0968a0799bdeda7e01c733d80 .av-special-heading-tag{\nfont-size:0.8em;\n}\n}\n<\/style>\n<div  class='av-special-heading av-kd4hh7fb-5eda74e0968a0799bdeda7e01c733d80 av-special-heading-h1 custom-color-heading blockquote modern-quote modern-centered  avia-builder-el-1  avia-builder-el-no-sibling  av-inherit-size av-linked-heading'><h1 class='av-special-heading-tag '  itemprop=\"headline\"  >Contatos<\/h1><div class=\"special-heading-border\"><div class=\"special-heading-inner-border\"><\/div><\/div><\/div>\n\n<\/div><\/div><\/main><!-- close content main element --><\/div><\/div><\/div><div id='av-layout-grid-1'  class='av-layout-grid-container av-1dvmu-a825e0bb4816271833a4f5abc39044d2 entry-content-wrapper main_color av-flex-cells  avia-builder-el-2  el_after_av_section  el_before_av_section  grid-row-not-first  container_wrap sidebar_right'  >\n\n<style type=\"text\/css\" data-created_by=\"avia_inline_auto\" id=\"style-css-av-k4biyzjk-432f8a0e73eb0d0ba1ec7bcf088e3b16\">\n.flex_cell.av-k4biyzjk-432f8a0e73eb0d0ba1ec7bcf088e3b16{\nvertical-align:top;\n}\n.responsive #top #wrap_all .flex_cell.av-k4biyzjk-432f8a0e73eb0d0ba1ec7bcf088e3b16{\npadding:20px 30px 20px 30px !important;\n}\n<\/style>\n<div class='flex_cell av-k4biyzjk-432f8a0e73eb0d0ba1ec7bcf088e3b16 av-gridrow-cell av_one_half no_margin  avia-builder-el-3  el_before_av_cell_one_half  avia-builder-el-first '  ><div class='flex_cell_inner'>\n<style type=\"text\/css\" data-created_by=\"avia_inline_auto\" id=\"style-css-av-427i7y-0828e4a2a9ea0806e2905da9b2bbb532\">\n#top .av_textblock_section.av-427i7y-0828e4a2a9ea0806e2905da9b2bbb532 .avia_textblock{\nfont-size:16px;\n}\n<\/style>\n<section  class='av_textblock_section av-427i7y-0828e4a2a9ea0806e2905da9b2bbb532 '   itemscope=\"itemscope\" itemtype=\"https:\/\/schema.org\/CreativeWork\" ><div class='avia_textblock'  itemprop=\"text\" >\n<div class=\"wpcf7 no-js\" id=\"wpcf7-f10057-o1\" lang=\"pt-BR\" dir=\"ltr\" data-wpcf7-id=\"10057\">\n<div class=\"screen-reader-response\"><p role=\"status\" aria-live=\"polite\" aria-atomic=\"true\"><\/p> <ul><\/ul><\/div>\n<form action=\"\/novosite\/wp-json\/wp\/v2\/pages\/4275#wpcf7-f10057-o1\" method=\"post\" class=\"wpcf7-form init\" aria-label=\"Formul\u00e1rios de contato\" novalidate=\"novalidate\" data-status=\"init\">\n<fieldset class=\"hidden-fields-container\"><input type=\"hidden\" name=\"_wpcf7\" value=\"10057\" \/><input type=\"hidden\" name=\"_wpcf7_version\" value=\"6.1.5\" \/><input type=\"hidden\" name=\"_wpcf7_locale\" value=\"pt_BR\" \/><input type=\"hidden\" name=\"_wpcf7_unit_tag\" value=\"wpcf7-f10057-o1\" \/><input type=\"hidden\" name=\"_wpcf7_container_post\" value=\"0\" \/><input type=\"hidden\" name=\"_wpcf7_posted_data_hash\" value=\"\" \/>\n<\/fieldset>\n<p><label> Seu nome<br \/>\n<span class=\"wpcf7-form-control-wrap\" data-name=\"your-name\"><input size=\"40\" maxlength=\"400\" class=\"wpcf7-form-control wpcf7-text wpcf7-validates-as-required\" autocomplete=\"name\" aria-required=\"true\" aria-invalid=\"false\" value=\"\" type=\"text\" name=\"your-name\" \/><\/span> <\/label>\n<\/p>\n<p><label> Seu e-mail<br \/>\n<span class=\"wpcf7-form-control-wrap\" data-name=\"your-email\"><input size=\"40\" maxlength=\"400\" class=\"wpcf7-form-control wpcf7-email wpcf7-validates-as-required wpcf7-text wpcf7-validates-as-email\" autocomplete=\"email\" aria-required=\"true\" aria-invalid=\"false\" value=\"\" type=\"email\" name=\"your-email\" \/><\/span> <\/label>\n<\/p>\n<p><label> Telefone:<br \/>\n<span class=\"wpcf7-form-control-wrap\" data-name=\"tel\"><input size=\"40\" maxlength=\"400\" class=\"wpcf7-form-control wpcf7-tel wpcf7-text wpcf7-validates-as-tel\" aria-invalid=\"false\" value=\"\" type=\"tel\" name=\"tel\" \/><\/span> <\/label>\n<\/p>\n<p><label> Assunto<br \/>\n<span class=\"wpcf7-form-control-wrap\" data-name=\"your-subject\"><input size=\"40\" maxlength=\"400\" class=\"wpcf7-form-control wpcf7-text wpcf7-validates-as-required\" aria-required=\"true\" aria-invalid=\"false\" value=\"\" type=\"text\" name=\"your-subject\" \/><\/span> <\/label>\n<\/p>\n<p><label> Sua mensagem (opcional)<br \/>\n<span class=\"wpcf7-form-control-wrap\" data-name=\"your-message\"><textarea cols=\"40\" rows=\"10\" maxlength=\"2000\" class=\"wpcf7-form-control wpcf7-textarea\" aria-invalid=\"false\" name=\"your-message\"><\/textarea><\/span> <\/label>\n<\/p>\n<p><input class=\"wpcf7-form-control wpcf7-submit has-spinner\" type=\"submit\" value=\"Enviar\" \/>\n<\/p><p style=\"display: none !important;\" class=\"akismet-fields-container\" data-prefix=\"_wpcf7_ak_\"><label>&#916;<textarea name=\"_wpcf7_ak_hp_textarea\" cols=\"45\" rows=\"8\" maxlength=\"100\"><\/textarea><\/label><input type=\"hidden\" id=\"ak_js_1\" name=\"_wpcf7_ak_js\" value=\"115\"\/><script type=\"text\/javascript\">\n\/* <![CDATA[ *\/\ndocument.getElementById( \"ak_js_1\" ).setAttribute( \"value\", ( new Date() ).getTime() );\n\/* ]]> *\/\n<\/script>\n<\/p><div class=\"wpcf7-response-output\" aria-hidden=\"true\"><\/div>\n<\/form>\n<\/div>\n\n<\/div><\/section>\n<\/div><\/div>\n<style type=\"text\/css\" data-created_by=\"avia_inline_auto\" id=\"style-css-av-k4biyqki-1369d76a3165debaaefe79f430d3f6a0\">\n.flex_cell.av-k4biyqki-1369d76a3165debaaefe79f430d3f6a0{\nvertical-align:top;\nbackground-color:#f7f7f7;\n}\n.responsive #top #wrap_all .flex_cell.av-k4biyqki-1369d76a3165debaaefe79f430d3f6a0{\npadding:20px 30px 20px 30px !important;\n}\n<\/style>\n<div class='flex_cell av-k4biyqki-1369d76a3165debaaefe79f430d3f6a0 av-gridrow-cell av_one_half no_margin  avia-builder-el-5  el_after_av_cell_one_half  avia-builder-el-last '  ><div class='flex_cell_inner'><p>\n<style type=\"text\/css\" data-created_by=\"avia_inline_auto\" id=\"style-css-av-k4bioeg5-6019887428ec34e139741e84623b3991\">\n#top .av_textblock_section.av-k4bioeg5-6019887428ec34e139741e84623b3991 .avia_textblock{\nfont-size:18px;\n}\n<\/style>\n<section  class='av_textblock_section av-k4bioeg5-6019887428ec34e139741e84623b3991 '   itemscope=\"itemscope\" itemtype=\"https:\/\/schema.org\/CreativeWork\" ><div class='avia_textblock'  itemprop=\"text\" ><p><strong><span style=\"color: #719430;\">Telefone e WhatsAPP:<\/span><\/strong><\/p>\n<\/div><\/section><br \/>\n\n<style type=\"text\/css\" data-created_by=\"avia_inline_auto\" id=\"style-css-av-427i7y-3-fc37d42b14808455d5f6988d77b1f5d4\">\n#top .av_textblock_section.av-427i7y-3-fc37d42b14808455d5f6988d77b1f5d4 .avia_textblock{\nfont-size:16px;\n}\n<\/style>\n<section  class='av_textblock_section av-427i7y-3-fc37d42b14808455d5f6988d77b1f5d4 '   itemscope=\"itemscope\" itemtype=\"https:\/\/schema.org\/CreativeWork\" ><div class='avia_textblock'  itemprop=\"text\" ><p><a style=\"text-decoration: none; color: inherit;\" href=\"tel:1921377000\"><br \/>\n<strong>Telefone:<\/strong> (19) 2137-7000<br \/>\n<\/a><\/p>\n<p><a style=\"text-decoration: none; color: inherit;\" href=\"https:\/\/wa.me\/5519998653545\" target=\"_blank\" rel=\"noopener\"><br \/>\n<img decoding=\"async\" style=\"vertical-align: middle;\" src=\"https:\/\/upload.wikimedia.org\/wikipedia\/commons\/6\/6b\/WhatsApp.svg\" alt=\"WhatsApp\" width=\"20\" \/><br \/>\n<strong>WhatsApp:<\/strong> (19) 99865-3545 \u2013 Somente mensagens<br \/>\n<\/a><\/p>\n<\/div><\/section><br \/>\n\n<style type=\"text\/css\" data-created_by=\"avia_inline_auto\" id=\"style-css-av-k4bioeg5-2-da38e21b21425129843a1858093015ae\">\n#top .av_textblock_section.av-k4bioeg5-2-da38e21b21425129843a1858093015ae .avia_textblock{\nfont-size:18px;\n}\n<\/style>\n<section  class='av_textblock_section av-k4bioeg5-2-da38e21b21425129843a1858093015ae '   itemscope=\"itemscope\" itemtype=\"https:\/\/schema.org\/CreativeWork\" ><div class='avia_textblock'  itemprop=\"text\" ><p><strong><span style=\"color: #719430;\">Endere\u00e7o:<\/span><\/strong><\/p>\n<\/div><\/section><br \/>\n\n<style type=\"text\/css\" data-created_by=\"avia_inline_auto\" id=\"style-css-av-427i7y-1-8db5994edacd32c94d7b7dc71a96a348\">\n#top .av_textblock_section.av-427i7y-1-8db5994edacd32c94d7b7dc71a96a348 .avia_textblock{\nfont-size:16px;\n}\n<\/style>\n<section  class='av_textblock_section av-427i7y-1-8db5994edacd32c94d7b7dc71a96a348 '   itemscope=\"itemscope\" itemtype=\"https:\/\/schema.org\/CreativeWork\" ><div class='avia_textblock'  itemprop=\"text\" ><p><strong><img decoding=\"async\" class=\"alignnone wp-image-4283\" src=\"http:\/\/www.arquimedes.com.br\/novosite\/wp-content\/uploads\/2020\/07\/address-300x300.png\" alt=\"\" width=\"55\" height=\"36\" \/>Rua Bernardino de Campos, 503<br \/>\nCentro \u2013 Campinas \/ SP<\/strong><\/p>\n<p><iframe style=\"border: 0;\" src=\"https:\/\/www.google.com\/maps\/embed?pb=!1m18!1m12!1m3!1d3675.2190972792455!2d-47.06725358499258!3d-22.90528824357617!2m3!1f0!2f0!3f0!3m2!1i1024!2i768!4f13.1!3m3!1m2!1s0x94c8c8b14618ed2d%3A0x3c8a451840448b52!2sEscola%20Arquimedes!5e0!3m2!1spt-BR!2sbr!4v1675797260734!5m2!1spt-BR!2sbr\" width=\"600\" height=\"450\" allowfullscreen=\"allowfullscreen\"><\/iframe><\/p>\n<\/div><\/section><\/p>\n<\/div><\/div><\/div><div id='av_section_2'  class='avia-section av-j56am-6adcc957af9ae1389689fbdb9c867780 main_color avia-section-default avia-no-border-styling  avia-builder-el-10  el_after_av_layout_row  el_before_av_portfolio  avia-bg-style-scroll container_wrap sidebar_right'  ><div class='container av-section-cont-open' ><div class='template-page content  av-content-small alpha units'><div class='post-entry post-entry-type-page post-entry-4275'><div class='entry-content-wrapper clearfix'>\n\n<style type=\"text\/css\" data-created_by=\"avia_inline_auto\" id=\"style-css-av-kvlfm6zi-edccfd93003bc31651857338673fa509\">\n#top .av-special-heading.av-kvlfm6zi-edccfd93003bc31651857338673fa509{\nmargin:20px 20px 20px 20px;\npadding-bottom:0;\ncolor:#000000;\nfont-size:30px;\n}\nbody .av-special-heading.av-kvlfm6zi-edccfd93003bc31651857338673fa509 .av-special-heading-tag .heading-char{\nfont-size:25px;\n}\n#top #wrap_all .av-special-heading.av-kvlfm6zi-edccfd93003bc31651857338673fa509 .av-special-heading-tag{\nfont-size:30px;\n}\n.av-special-heading.av-kvlfm6zi-edccfd93003bc31651857338673fa509 .special-heading-inner-border{\nborder-color:#000000;\n}\n.av-special-heading.av-kvlfm6zi-edccfd93003bc31651857338673fa509 .av-subheading{\nfont-size:15px;\n}\n\n@media only screen and (min-width: 480px) and (max-width: 767px){ \n#top #wrap_all .av-special-heading.av-kvlfm6zi-edccfd93003bc31651857338673fa509 .av-special-heading-tag{\nfont-size:0.8em;\n}\n}\n\n@media only screen and (max-width: 479px){ \n#top #wrap_all .av-special-heading.av-kvlfm6zi-edccfd93003bc31651857338673fa509 .av-special-heading-tag{\nfont-size:0.8em;\n}\n}\n<\/style>\n<div  class='av-special-heading av-kvlfm6zi-edccfd93003bc31651857338673fa509 av-special-heading-h3 custom-color-heading blockquote modern-quote modern-centered  avia-builder-el-11  avia-builder-el-no-sibling  av-inherit-size av-linked-heading'><h3 class='av-special-heading-tag '  itemprop=\"headline\"  >Fique por dentro<\/h3><div class=\"special-heading-border\"><div class=\"special-heading-inner-border\"><\/div><\/div><\/div>\n<\/p>\n<div  id=\"av-sc-portfolio-1\"  class=\"av-portfolio-grid-sorting-container\"><div class='sort_width_container  av-sort-yes' data-portfolio-id='1' ><div id='js_sort_items' ><div class='sort_by_cat hidden'><a href=\"#\" data-filter=\"all_sort\" class=\"all_sort_button active_sort\"><span class=\"inner_sort_button\"><span>Todos<\/span><small class=\"av-cat-count\"> 4 <\/small><\/span><\/a><span class=\"text-sep curso_sort_sep\">\/<\/span><a href=\"#\" data-filter=\"curso_sort\" class=\"curso_sort_button\" ><span class=\"inner_sort_button\"><span>Curso<\/span><small class=\"av-cat-count\"> 4 <\/small><\/span><\/a><\/div><\/div><\/div><div  class=' grid-sort-container isotope   no_margin-container with-excerpt-container grid-total-even grid-col-4 grid-links-' data-portfolio-id='1'><div data-ajax-id='12152' class=' grid-entry flex_column isotope-item all_sort no_margin post-entry post-entry-12152 grid-entry-overview grid-loop-1 grid-parity-odd  curso_sort profissionalizante_sort saude_sort  av_one_fourth first default_av_fullwidth '><article class='main_color inner-entry'  itemscope=\"itemscope\" itemtype=\"https:\/\/schema.org\/CreativeWork\" ><a href=\"http:\/\/www.arquimedes.com.br\/novosite\/portfolio-item\/degluticao-e-nutricao-do-idoso\/\" title='DEGLUTI\u00c7\u00c3O E NUTRI\u00c7\u00c3O DO IDOSO'  data-rel='grid-1' class='grid-image avia-hover-fx'> <img fetchpriority=\"high\" fetchpriority=\"high\" decoding=\"async\" fetchpriority=\"high\" width=\"180\" height=\"180\" src=\"http:\/\/www.arquimedes.com.br\/novosite\/wp-content\/uploads\/2026\/03\/4b14b20aa9eaeb6a9a63647254ba118889b6cfce-180x180.jpg\" class=\"wp-image-12153 avia-img-lazy-loading-not-12153 attachment-square size-square wp-post-image\" alt=\"\" srcset=\"http:\/\/www.arquimedes.com.br\/novosite\/wp-content\/uploads\/2026\/03\/4b14b20aa9eaeb6a9a63647254ba118889b6cfce-180x180.jpg 180w, http:\/\/www.arquimedes.com.br\/novosite\/wp-content\/uploads\/2026\/03\/4b14b20aa9eaeb6a9a63647254ba118889b6cfce-80x80.jpg 80w, http:\/\/www.arquimedes.com.br\/novosite\/wp-content\/uploads\/2026\/03\/4b14b20aa9eaeb6a9a63647254ba118889b6cfce-36x36.jpg 36w\" sizes=\"(max-width: 180px) 100vw, 180px\" \/><\/a><div class='grid-content'><div class='avia-arrow'><\/div><header class=\"entry-content-header\"><h3 class='grid-entry-title entry-title '  itemprop=\"headline\" ><a href='http:\/\/www.arquimedes.com.br\/novosite\/portfolio-item\/degluticao-e-nutricao-do-idoso\/' title='DEGLUTI\u00c7\u00c3O E NUTRI\u00c7\u00c3O DO IDOSO'>DEGLUTI\u00c7\u00c3O E NUTRI\u00c7\u00c3O DO IDOSO<\/a><\/h3><\/header><\/div><footer class=\"entry-footer\"><\/footer><\/article><\/div><div data-ajax-id='12147' class=' grid-entry flex_column isotope-item all_sort no_margin post-entry post-entry-12147 grid-entry-overview grid-loop-2 grid-parity-even  curso_sort profissionalizante_sort saude_sort  av_one_fourth  default_av_fullwidth '><article class='main_color inner-entry'  itemscope=\"itemscope\" itemtype=\"https:\/\/schema.org\/CreativeWork\" ><a href=\"http:\/\/www.arquimedes.com.br\/novosite\/portfolio-item\/coleta-de-materiais-para-exames-laboratoriais\/\" title='COLETA DE MATERIAIS PARA EXAMES LABORATORIAIS'  data-rel='grid-1' class='grid-image avia-hover-fx'> <img fetchpriority=\"high\" fetchpriority=\"high\" decoding=\"async\" fetchpriority=\"high\" width=\"180\" height=\"180\" src=\"http:\/\/www.arquimedes.com.br\/novosite\/wp-content\/uploads\/2026\/03\/como-fazer-a-coleta-de-sangue-180x180.jpg\" class=\"wp-image-12148 avia-img-lazy-loading-not-12148 attachment-square size-square wp-post-image\" alt=\"\" srcset=\"http:\/\/www.arquimedes.com.br\/novosite\/wp-content\/uploads\/2026\/03\/como-fazer-a-coleta-de-sangue-180x180.jpg 180w, http:\/\/www.arquimedes.com.br\/novosite\/wp-content\/uploads\/2026\/03\/como-fazer-a-coleta-de-sangue-80x80.jpg 80w, http:\/\/www.arquimedes.com.br\/novosite\/wp-content\/uploads\/2026\/03\/como-fazer-a-coleta-de-sangue-36x36.jpg 36w\" sizes=\"(max-width: 180px) 100vw, 180px\" \/><\/a><div class='grid-content'><div class='avia-arrow'><\/div><header class=\"entry-content-header\"><h3 class='grid-entry-title entry-title '  itemprop=\"headline\" ><a href='http:\/\/www.arquimedes.com.br\/novosite\/portfolio-item\/coleta-de-materiais-para-exames-laboratoriais\/' title='COLETA DE MATERIAIS PARA EXAMES LABORATORIAIS'>COLETA DE MATERIAIS PARA EXAMES LABORATORIAIS<\/a><\/h3><\/header><\/div><footer class=\"entry-footer\"><\/footer><\/article><\/div><div data-ajax-id='12117' class=' grid-entry flex_column isotope-item all_sort no_margin post-entry post-entry-12117 grid-entry-overview grid-loop-3 grid-parity-odd  curso_sort profissionalizante_sort saude_sort  av_one_fourth  default_av_fullwidth '><article class='main_color inner-entry'  itemscope=\"itemscope\" itemtype=\"https:\/\/schema.org\/CreativeWork\" ><a href=\"http:\/\/www.arquimedes.com.br\/novosite\/portfolio-item\/banho-no-paciete-no-leito-e-prevencao-de-lesao-por-pressao\/\" title='BANHO NO PACIETE NO LEITO E PREVEN\u00c7\u00c3O DE LES\u00c3O POR PRESS\u00c3O'  data-rel='grid-1' class='grid-image avia-hover-fx'> <img fetchpriority=\"high\" fetchpriority=\"high\" decoding=\"async\" fetchpriority=\"high\" width=\"180\" height=\"180\" src=\"http:\/\/www.arquimedes.com.br\/novosite\/wp-content\/uploads\/2026\/02\/banho-180x180.png\" class=\"wp-image-12118 avia-img-lazy-loading-not-12118 attachment-square size-square wp-post-image\" alt=\"\" srcset=\"http:\/\/www.arquimedes.com.br\/novosite\/wp-content\/uploads\/2026\/02\/banho-180x180.png 180w, http:\/\/www.arquimedes.com.br\/novosite\/wp-content\/uploads\/2026\/02\/banho-298x300.png 298w, http:\/\/www.arquimedes.com.br\/novosite\/wp-content\/uploads\/2026\/02\/banho-80x80.png 80w, http:\/\/www.arquimedes.com.br\/novosite\/wp-content\/uploads\/2026\/02\/banho-36x36.png 36w, http:\/\/www.arquimedes.com.br\/novosite\/wp-content\/uploads\/2026\/02\/banho.png 388w\" sizes=\"(max-width: 180px) 100vw, 180px\" \/><\/a><div class='grid-content'><div class='avia-arrow'><\/div><header class=\"entry-content-header\"><h3 class='grid-entry-title entry-title '  itemprop=\"headline\" ><a href='http:\/\/www.arquimedes.com.br\/novosite\/portfolio-item\/banho-no-paciete-no-leito-e-prevencao-de-lesao-por-pressao\/' title='BANHO NO PACIETE NO LEITO E PREVEN\u00c7\u00c3O DE LES\u00c3O POR PRESS\u00c3O'>BANHO NO PACIETE NO LEITO E PREVEN\u00c7\u00c3O DE LES\u00c3O POR PRESS\u00c3O<\/a><\/h3><\/header><\/div><footer class=\"entry-footer\"><\/footer><\/article><\/div><div data-ajax-id='12111' class=' grid-entry flex_column isotope-item all_sort no_margin post-entry post-entry-12111 grid-entry-overview grid-loop-4 grid-parity-even  post-entry-last  curso_sort profissionalizante_sort saude_sort  av_one_fourth  default_av_fullwidth '><article class='main_color inner-entry'  itemscope=\"itemscope\" itemtype=\"https:\/\/schema.org\/CreativeWork\" ><a href=\"http:\/\/www.arquimedes.com.br\/novosite\/portfolio-item\/assistencia-ao-idoso-com-doencas\/\" title='ASSIST\u00caNCIA AO IDOSO COM DOEN\u00c7AS'  data-rel='grid-1' class='grid-image avia-hover-fx'> <img fetchpriority=\"high\" fetchpriority=\"high\" decoding=\"async\" fetchpriority=\"high\" width=\"180\" height=\"180\" src=\"http:\/\/www.arquimedes.com.br\/novosite\/wp-content\/uploads\/2026\/02\/CUIDADOS-APLICADOS-AS-FERIDAS-E-CURATIVOS-1-180x180.jpg\" class=\"wp-image-12113 avia-img-lazy-loading-not-12113 attachment-square size-square wp-post-image\" alt=\"\" srcset=\"http:\/\/www.arquimedes.com.br\/novosite\/wp-content\/uploads\/2026\/02\/CUIDADOS-APLICADOS-AS-FERIDAS-E-CURATIVOS-1-180x180.jpg 180w, http:\/\/www.arquimedes.com.br\/novosite\/wp-content\/uploads\/2026\/02\/CUIDADOS-APLICADOS-AS-FERIDAS-E-CURATIVOS-1-300x300.jpg 300w, http:\/\/www.arquimedes.com.br\/novosite\/wp-content\/uploads\/2026\/02\/CUIDADOS-APLICADOS-AS-FERIDAS-E-CURATIVOS-1-1030x1030.jpg 1030w, http:\/\/www.arquimedes.com.br\/novosite\/wp-content\/uploads\/2026\/02\/CUIDADOS-APLICADOS-AS-FERIDAS-E-CURATIVOS-1-80x80.jpg 80w, http:\/\/www.arquimedes.com.br\/novosite\/wp-content\/uploads\/2026\/02\/CUIDADOS-APLICADOS-AS-FERIDAS-E-CURATIVOS-1-768x768.jpg 768w, http:\/\/www.arquimedes.com.br\/novosite\/wp-content\/uploads\/2026\/02\/CUIDADOS-APLICADOS-AS-FERIDAS-E-CURATIVOS-1-36x36.jpg 36w, http:\/\/www.arquimedes.com.br\/novosite\/wp-content\/uploads\/2026\/02\/CUIDADOS-APLICADOS-AS-FERIDAS-E-CURATIVOS-1-705x705.jpg 705w, http:\/\/www.arquimedes.com.br\/novosite\/wp-content\/uploads\/2026\/02\/CUIDADOS-APLICADOS-AS-FERIDAS-E-CURATIVOS-1.jpg 1080w\" sizes=\"(max-width: 180px) 100vw, 180px\" \/><\/a><div class='grid-content'><div class='avia-arrow'><\/div><header class=\"entry-content-header\"><h3 class='grid-entry-title entry-title '  itemprop=\"headline\" ><a href='http:\/\/www.arquimedes.com.br\/novosite\/portfolio-item\/assistencia-ao-idoso-com-doencas\/' title='ASSIST\u00caNCIA AO IDOSO COM DOEN\u00c7AS'>ASSIST\u00caNCIA AO IDOSO COM DOEN\u00c7AS<\/a><\/h3><\/header><\/div><footer class=\"entry-footer\"><\/footer><\/article><\/div><\/div><\/div>   <!--   class=\"av-portfolio-grid-sorting-container\"  -->\n","protected":false},"excerpt":{"rendered":"","protected":false},"author":2,"featured_media":0,"parent":0,"menu_order":0,"comment_status":"closed","ping_status":"closed","template":"","meta":{"footnotes":""},"class_list":["post-4275","page","type-page","status-publish","hentry"],"_links":{"self":[{"href":"http:\/\/www.arquimedes.com.br\/novosite\/wp-json\/wp\/v2\/pages\/4275","targetHints":{"allow":["GET"]}}],"collection":[{"href":"http:\/\/www.arquimedes.com.br\/novosite\/wp-json\/wp\/v2\/pages"}],"about":[{"href":"http:\/\/www.arquimedes.com.br\/novosite\/wp-json\/wp\/v2\/types\/page"}],"author":[{"embeddable":true,"href":"http:\/\/www.arquimedes.com.br\/novosite\/wp-json\/wp\/v2\/users\/2"}],"replies":[{"embeddable":true,"href":"http:\/\/www.arquimedes.com.br\/novosite\/wp-json\/wp\/v2\/comments?post=4275"}],"version-history":[{"count":21,"href":"http:\/\/www.arquimedes.com.br\/novosite\/wp-json\/wp\/v2\/pages\/4275\/revisions"}],"predecessor-version":[{"id":12128,"href":"http:\/\/www.arquimedes.com.br\/novosite\/wp-json\/wp\/v2\/pages\/4275\/revisions\/12128"}],"wp:attachment":[{"href":"http:\/\/www.arquimedes.com.br\/novosite\/wp-json\/wp\/v2\/media?parent=4275"}],"curies":[{"name":"wp","href":"https:\/\/api.w.org\/{rel}","templated":true}]}}